-9). Suppose -5*m = 2*c + 1502, -a*m + 13 = 3. What is the hundreds digit of (3/6)/(-3 + (-2271)/c)?
1
Let z(u) = -11*u - 8*u + 0*u**2 - 2*u**2 - 1 - 6*u. Let r be z(-12). Suppose -272 = -r*c + 3*c. What is the units digit of c?
4
Let a be -2 - (-2)/(95/50 + 3/(-2)). Let n(c) = 5*c + 5. Let t be n(5). Suppose 5*q - 314 = -a*l, -5*l + 444 = -4*q - t. What is the tens digit of l?
9
Let o be (-2 - 3/1) + 24. Let m = o - -106. What is the hundreds digit of m?
1
Let b(s) = 167*s**2 - 22*s. Let x be b(6). Suppose -1128 = 18*l - x. What is the hundreds digit of l?
2
What is the units digit of (-996048)/(-80) + (-1 - (-36)/15)?
2
Suppose -95934 = -164*i + 1281338. What is the hundreds digit of i?
3
Let a = 277 + -156. Let i = 123 - a. Suppose 0 = -g + 4*g - i*f - 201, -2*f + 144 = 2*g. What is the tens digit of g?
6
Suppose -4*c + 11 = -p - 4, 3*p + 80 = 5*c. Let w be 2*(-12)/5*2940/(-392). Let t = w + p. What is the units digit of t?
1
Let f(l) = l**2 - 18*l + 32. Let o(n) = -n + 1. Let q(s) = f(s) - 3*o(s). Suppose 0*g - 5*g + 43 = w, 2*g - 28 = -w. What is the units digit of q(w)?
3
Let z(b) = 64*b**2 - 729*b - 5077. What is the tens digit of z(-7)?
6
What is the units digit of 6 + 2*62490/12?
1
Suppose b - 1681 = -2*v, 0*b + 5*b = 5*v + 8435. What is the tens digit of b?
8
Let c(r) = 3*r + 17. Let o be c(-6). Let j(v) = -125*v**3 - 4*v**2 - 3*v + 1. What is the tens digit of j(o)?
2
What is the hundreds digit of 270/(-4)*5740/(-615)?
6
Suppose 4*b = 2*q - 4, 3*b + 3*q - 1 = -4. What is the hundreds digit of -4 + (b*(3 + -5) - -612)?
6
Suppose -y - 4297 + 9465 = -4986. What is the tens digit of y?
5
Let d be (-7 + 8)/(3/15). Let k(m) = -d + 1 + 1 + 8*m + 2*m. What is the units digit of k(7)?
7
Let a be 29/(-9) - (-12)/54 - -3. Suppose a = -20*r + 22*r - 1540. Suppose -3*d + 414 = 2*u, 4*d + 18 + r = 4*u. What is the hundreds digit of u?
2
Let n be (-231 + 6/(-3))*(-1 - 0). Let y = 70 + n. Suppose -3*a + j + 212 = -20, 4*a - y = -5*j. What is the tens digit of a?
7
Suppose -2890056 - 987631 = -73*n. What is the ten thousands digit of n?
5
Suppose 2*p = -4*t + 768, -4*t + 5*p + 0*p + 740 = 0. Let h = 610 - t. What is the units digit of h?
0
Let t be 3/2*(-4)/(-2). Let j(w) = 38*w + 148. Let y be j(-5). What is the tens digit of (-46 - 2)/t*y/6?
1
What is the units digit of 2 + (-81)/(-11 - -2) + 51461?
2
Suppose 0 = -5*y + 2*v + 183808, -2*v + 13245 = -y + 50005. What is the hundreds digit of y?
7
Let p be -6 - -2 - -5 - (-10)/2. Suppose -p*x + 210 = -3*x. Let q = x + -60. What is the tens digit of q?
1
Let w(g) = 32*g**2 - 107*g + 2559. What is the hundreds digit of w(29)?
3
Suppose -5*z + 2*n = -37346, -576*n = -572*n + 12. What is the thousands digit of z?
7
Let z(i) = -21*i - 104. Let r(f) = -40*f - 207. Let t(b) = -3*r(b) + 5*z(b). What is the hundreds digit of t(0)?
1
Let k be (-3490)/(-4)*((-54)/(-30) + -1). Let h = k - 286. What is the hundreds digit of h?
4
Let p = -3412 + 3989. What is the units digit of p?
7
Let j(y) be the first derivative of 30*y**2 - 89*y + 46. What is the units digit of j(5)?
1
Let w be 528/192 + (-2)/(-8). What is the units digit of ((-230)/30)/(w/(-45))?
5
Suppose -17948 = -599*f + 596*f + 2*x, -f = 5*x - 5977. What is the thousands digit of f?
5
Suppose 3*t - 83637 = 2*g, 0 = -t - 232*g + 235*g + 27893. What is the hundreds digit of t?
8
Let p be 9 - (0/(-5) - -5). Suppose p*g = 456 + 828. What is the hundreds digit of g?
3
Suppose 0 = -m + 4*p - 9*p + 3140, 0 = -4*m + 3*p + 12537. Suppose 0 = -4*g + 2*t + m + 1681, 5*g = -3*t + 5998. What is the hundreds digit of g?
2
Suppose 540 = 5*j - 5*i, 2*j - 12*i + 7*i - 204 = 0. Suppose 5*a = 722 + 393. Let l = a - j. What is the hundreds digit of l?
1
Let n be ((-30)/26 - -1) + 88/572. Suppose 4*t + 5*c + 1 = n, 0*t + 4*c + 26 = t. What is the units digit of t?
6
Suppose 47*x + 3206 = 54*x. Let o = x - 400. What is the tens digit of o?
5
Let y(o) = -14*o - 15. Let f(t) = -2*t + 18. Let v be f(10). Let a be v/(-13) + (-480)/78. What is the units digit of y(a)?
9
Let h be 20/8 + 1/(-2) + 1. Suppose -6*y = -h*q - y, 4*q = y + 17. Suppose -2*x - q*l = -408, 4*x - l + 142 - 936 = 0. What is the tens digit of x?
9
Suppose 0 = -w + 32 - 30. What is the units digit of 3 - (4 - w)*-85?
3
Let z = 2462 - -5482. What is the hundreds digit of z?
9
Suppose 5*h + w - 102483 = 0, 36*w = -4*h + 40*w + 81972. What is the hundreds digit of h?
4
Let y(i) be the first derivative of -i**3/3 - 12*i**2 + 89*i + 28. What is the units digit of y(-27)?
8
Suppose 5*a - 13 = -2*s, 0*s + 3*s - 13 = -a. Let t be a/(-2)*(-68 - 0). Suppose 90*j = 89*j + t. What is the tens digit of j?
3
Suppose 0 = n - 22 + 17. Suppose m + n*a = -13, 6*a - 5*a = -2*m + 1. Suppose -m*i + 5*k = -268, 0 = -4*i + k + 4*k + 556. What is the tens digit of i?
4
Suppose -35*w + 1352081 - 263857 = -3*w. What is the hundreds digit of w?
0
Suppose 101 - 5 = 8*y. Let v be (-24)/14 + y/(-126)*3. What is the tens digit of (-6)/v - (-64 + 6)?
6
Suppose 0 = -p + 2*x + 13, 5*p + 0*p - 21 = -x. Let w(r) = 104*r - 3. What is the units digit of w(p)?
7
Let z(l) = 3*l**2 + 280*l - 1149. What is the tens digit of z(-162)?
2
Suppose 2*d + 556 = -3*u - u, 3*u - 5*d = -391. Let m = -32 - u. Let v = 10 + m. What is the units digit of v?
5
Let q = 180 + -248. Let s = 158 + q. What is the units digit of s?
0
Let a = -14381 + 18172. What is the thousands digit of a?
3
Let g = 11015 + -7547. Suppose 7*h - g = 858. What is the hundreds digit of h?
6
Suppose -3*f + 3*s - 5808 = -53670, -3*f + 2*s = -47866. What is the thousands digit of f?
5
Let y be 441/35*660/18. Let k = y - -110. What is the units digit of k?
2
Let r(d) = -20*d + 1111. What is the thousands digit of r(-41)?
1
What is the units digit of ((-24508)/(-8))/(-9 + (-385)/(-42))?
1
Let v be 1/4 + 0 - (-1162)/664. Suppose v*m - 342 - 318 = 0. What is the tens digit of m?
3
Let x be (0 + -1)*-15 - -3. What is the tens digit of 9*(-3)/x*(-2264)/6?
6
Suppose 0 = -2*m - 4*a - 1306, -4*m + m + 2*a = 1991. Let y = m - -1148. What is the hundreds digit of y?
4
Let q(n) = 370*n + 12533. What is the hundreds digit of q(105)?
3
Suppose 2*h + 0*d - 978 = -3*d, -2*d + 974 = 2*h. What is the hundreds digit of h/(-28)*(-304)/6?
8
Let k be 6/(-21) + (-3 - (-1856)/28). Suppose k*r = 61*r - 126. Let c = 81 + r. What is the units digit of c?
8
Let x = -39 - -43. Suppose x*c = -3*c + 2058. What is the hundreds digit of c?
2
What is the units digit of (-4 + -2 - 2) + 6167/7?
3
Suppose -215*x - 212*x = -394*x - 528000. What is the ten thousands digit of x?
1
Suppose -5*l + 150 = 115. Suppose 0 = 11*s - l*s - 3952. What is the tens digit of s/95 - 6/(-10)?
1
Let q be -1088 - ((4 - (-4)/(-4)) + -8). Let d = -246 - q. What is the tens digit of d?
3
Let l = -180 - -183. What is the tens digit of ((-15)/10 + l)*64?
9
Let s(z) = 2*z**2 - 35*z + 100. Let i be (-36)/(1/2 + -2). What is the tens digit of s(i)?
1
Suppose 3*q - 24 = -5*q. Suppose -5*c + 176 = 3*k, 2*k - q*c - 40 = k. Suppose 5*s + k = 7*s. What is the tens digit of s?
2
Let r be (-175)/70*(-2)/(-5). Suppose 5 - 7 = z. What is the tens digit of r*(z - -9)*-17?
1
Suppose -z = -4 - 1. Let m = -3315 - -5197. Suppose -z*y + m - 672 = 0. What is the tens digit of y?
4
Let u(p) = -p**2 + 6*p + 40. Let o(f) = 2*f**2 - 6*f - 39. Let j(z) = 2*o(z) + 3*u(z). What is the units digit of j(11)?
9
Suppose 0 = 3*y - 25*l + 21*l - 55076, 36708 = 2*y - 5*l. What is the units digit of y?
4
Let d be 15/(750/20)*5*-13. Let m(f) = -37*f - 107. What is the hundreds digit of m(d)?
8
Let q = -15 + 35. Suppose 7*r - q = 8. What is the units digit of 0 + r + (-2 - (-6 - -3))?
5
Suppose 26*y - 71*y = -228780. What is the thousands digit of y?
5
Suppose 2*t = -2, -5*t = -2*j - t - 1342. Let y = 13 - j. What is the hundreds digit of y?
6
Let m(q) be the second derivative of q**6/45 + 2*q**3/3 + 11*q. Let n(f) be the second derivative of m(f). What is the units digit of n(1)?
8
Let d be (-12*(-5)/(-25))/((-2)/5). Let q(s) = 2*s**3 - 5*s**2 - 6*s + 7. What is the units digit of q(d)?
3
Let v = -330 - -218. What is the tens digit of (9/(-24) - 41482/v)*2?
4
Suppose -x + 279 = 2028*y - 2029*y, -3*y + 1088 = 4*x. What is the hundreds digit of x?
2
Suppose -3*n + 4*k = -94682, -4*k - 870